 (base 6) to base 12.
-259574
What is 36453565 (base 7) in base 13?
8a0685
What is 10111100110101001111 (base 2) in base 14?
161c2b
16724ca (base 15) to base 11
922a296
Convert 30624a7 (base 11) to base 9.
11148315
Convert ad1b8 (base 15) to base 3.
1000222011202
-7c7521 (base 16) to base 7
-126220510
What is 20100442 (base 6) in base 12?
234722
Convert 2ab838 (base 14) to base 7.
15451501
346315 (base 7) to base 13
2243b
What is -4694374 (base 10) in base 16?
-47a166
Convert -2646244 (base 7) to base 13.
-c24a0
66a583 (base 11) to base 14
1db3b0
Convert -33540135 (base 6) to base 7.
-11463062
1d66b (base 14) to base 12
3773b
Convert 313051434 (base 6) to base 11.
30a3440
1700016 (base 8) to base 12
1b8552
225845 (base 10) to base 7
1630304
Convert -4ac85 (base 15) to base 8.
-722743
-5d8cb (base 14) to base 6
-4530255
-12012202200 (base 3) to base 16
-190da
What is 10010001011001111111 (base 2) in base 12?
2487bb
-22552253 (base 6) to base 12
-298689
Convert -13408260 (base 9) to base 11.
-38113a0
-1122120002122 (base 3) to base 16
-d6202
6205045 (base 7) to base 13
1cc519
What is -110000011101111 (base 2) in base 14?
-9087
What is -25154153 (base 6) in base 4?
-3011112111
What is -69c90 (base 14) in base 6?
-5304530
-100100011111000010001 (base 2) to base 12
-497a41
What is 3512720 (base 9) in base 2?
111001111011010111100
1313835 (base 9) to base 8
2572300
What is 1001000001101101 (base 2) in base 11?
25862
Convert -499a (base 12) to base 3.
-102102101
Convert -1498b7 (base 14) to base 9.
-1313711
-10154 (base 11) to base 10
-14821
What is a30142 (base 11) in base 5?
410421400
Convert -1123868 (base 11) to base 6.
-110054053
Convert -215526516 (base 7) to base 9.
-26463253
Convert -4a239 (base 12) to base 15.
-1ebdc
-66505 (base 11) to base 7
-551113
What is 1101102012 (base 4) in base 15?
689a9
c30d35 (base 15) to base 5
4333023400
Convert -e8eb7 (base 15) to base 11.
-465304
-1312133323 (base 4) to base 6
-14223031
-123401 (base 9) to base 2
-10010001110111011
Convert -11c223 (base 13) to base 15.
-865e0
Convert 1423305 (base 9) to base 4.
2333031122
Convert -11102120112012 (base 3) to base 15.
-317565
-202022120002 (base 3) to base 11
-2534a5
Convert 1540130 (base 6) to base 12.
44646
-851759 (base 10) to base 5
-204224014
-110101000000101100111 (base 2) to base 6
-101121543
98b967 (base 16) to base 14
14877dd
Convert 4054366 (base 7) to base 2.
1110110001101001000
What is -11a121a (base 12) in base 4?
-31020313312
What is 474da (base 16) in base 7?
2324324
-2957663 (base 10) to base 3
-12120021011002
Convert 22321131213 (base 4) to base 15.
3b66dc
-1124357 (base 10) to base 12
-462805
Convert 1324152 (base 7) to base 8.
524372
Convert 211100122220101 (base 3) to base 10.
11881900
-13144220 (base 5) to base 16
-20071
44233223 (base 5) to base 9
644131
What is -1313243 (base 10) in base 13?
-36c989
What is -17450432 (base 8) in base 13?
-accb85
What is 2454241 (base 6) in base 13?
4802b
What is -8bc26 (base 14) in base 13?
-bb930
Convert -3402421 (base 5) to base 15.
-12a76
-10010222021 (base 3) to base 8
-170771
-a3623 (base 14) to base 11
-249798
Convert -285341 (base 11) to base 5.
-103240133
-220340 (base 9) to base 11
-8a885
-2005452 (base 6) to base 16
-17168
What is -1aa640 (base 13) in base 11?
-424937
2b345 (base 12) to base 7
342512
Convert 23033031130 (base 4) to base 10.
2945884
What is 13227 (base 13) in base 3?
1210201200
-220120001 (base 3) to base 12
-a43a
What is -39507 (base 10) in base 2?
-1001101001010011
Convert -242331110 (base 5) to base 6.
-40205045
What is 2d33c (base 15) in base 3?
21102002010
Convert -10333232113 (base 4) to base 6.
-44022531
2a4937 (base 12) to base 14
147d23
1975055 (base 10) to base 9
3640235
Convert 100212301230 (base 4) to base 13.
b95524
-401231130 (base 5) to base 7
-16325055
What is -1081559 (base 11) in base 9?
-3501475
-533b22 (base 14) to base 13
-777270
What is -27b914 (base 15) in base 9?
-3534151
-3155655 (base 8) to base 10
-842669
Convert 590a15 (base 11) to base 13.
26b0a1
What is 2033012213 (base 5) in base 12?
149ba41
What is -121121020202 (base 3) in base 2?
-1001111110001110110
What is 111111001111000000 (base 2) in base 15?
51b23
-1004562 (base 8) to base 15
-535c7
What is -55b05 (base 12) in base 6?
-2235205
Convert 21801 (base 10) to base 11.
1541a
Convert -a6ca (base 14) to base 6.
-341150
Convert -108a4a (base 14) to base 4.
-2021022022
What is -10010010010001010 (base 2) in base 5?
-4344030
-2100022020110 (base 3) to base 16
-130353
Convert 112101221100000 (base 3) to base 4.
131031000300
-101200020221 (base 3) to base 10
-210139
Convert 222321133 (base 4) to base 8.
527137
What is 131223430 (base 5) in base 10?
648615
Convert 102408 (base 9) to base 16.
eda7
What is -11210102210012 (base 3) in base 9?
-4712705
3153243 (base 6) to base 15
30db6
Convert -504665 (base 7) to base 12.
-41758
10c5a (base 16) to base 6
1250014
Convert 69965a (base 12) to base 2.
110011110000101100110
Convert 1353074 (base 9) to base 12.
2ba427
What is -10101011110101000101 (base 2) in base 4?
-2223311011
What is 26f368 (base 16) in base 4?
21233031220
103112231 (base 4) to base 2
10011010110101101
1919b2 (base 15) to base 11
764037
What is 32123230231 (base 4) in base 16?
39bb2d
4559dd (base 14) to base 3
11102212000102
Convert 173372 (base 8) to base 16.
f6fa
Convert 21a9917 (base 13) to base 2.
100111011010011010111011
653889 (base 10) to base 13
19b822
1658290 (base 11) to base 15
3ab276
Convert 4875b (base 12) to base 5.
11112342
What is 21012200102001 (base 3) in base 13?
a42213
What is -36200605 (base 7) in base 6?
-152451044
Convert -48720 (base 14) to base 16.
-2b378
-515562 (base 8) to base 3
-22200101101
12527 (base 16) to base 5
4400142
Convert -1953 (base 16) to base 8.
-14523
What is -212d8 (base 15) in base 6?
-2131222
Convert -37961 (base 12) to base 6.
-1342201
-1d1585 (base 16) to base 4
-13101112011
112201011121 (base 4) to base 13
12b8915
Convert -19d3b8 (base 14) to base 9.
-1651881
What is -71756 (base 10) in base 8?
-214114
Convert -702137 (base 9) to base 15.
-82e11
100112202112020 (base 3) to base 7
61060350
What is 603755 (base 14) in base 3?
20002102210221
Convert 74848a (base 12) to base 6.
103231054
What is -105405254 (base 6) in base 16?
-1dae62
Convert -14401455 (base 6) to base 11.
-310221
Convert -1441421412 (base 5) to base 11.
-21a540a
What is 120a90 (base 12) in base 8?
1072014
What is 1022211011201 (base 3) in base 10?
705070
What is -3410651 (base 7) in base 11?
-269810
What is -13aa9 (base 16) in base 4?
-103222221
What is -578971 (base 15) in base 13?
-b349ca
What is 2313874 (base 11) in base 10?
4045958
Convert -1637040 (base 9) to base 5.
-213114212
22061206 (base 8) to base 6
245402034
-8578810 (base 10) to base 5
-4144010220
What is -2108ca (base 13) in base 15?
-103e10
What is -13333502 (base 6) in base 8?
-1552716
201023301311 (base 4) to base 12
2ab6185
Convert -66a645 (base 15) to base 13.
-1025162
-333121023010 (base 4) to base 12
-5695004
-302013 (base 9) to base 15
-37dcc
-31b92 (base 16) to base 2
-110001101110010010
Convert -848137 (base 12) to base 14.
-3c4b11
What is 11031420322 (base 5) in base 9?
24483015
Convert -7ab55 (base 14) to base 16.
-48e57
What is -48646 (base 16) in base 2?
-1001000011001000110
What is 2512476 (base 8) in base 16?
a953e
-42c89 (base 13) to base 15
-25bbe
-1d2dc (base 15) to base 4
-113032311
Convert 110be5 (base 16) to base 8.
4205745
What is -1334624 (base 7) in base 16?
-2b33d
-59406a (base 15) to base 5
-2043003400
What is 2213012110 (base 4) in base 10?
684436
What is -391326 (base 10) in base 7?
-3216615
What is 1762a9 (base 12) in base 11?
257122
Convert 12925 (base 10) to base 8.
31175
3311100 (base 5) to base 10
57025
22004310 (base 5) to base 12
90a14
-37f7b (base 16) to base 10
-229243
Convert 10331022 (base 4) to base 6.
233550
-195a1 (base 11) to base 8
-65310
-157bb (base 13) to base 11
-28797
What is 31051320 (base 7) in base 4?
21322331103
What is -29ab6 (base 15) in base 5?
-13242141
Convert -6274c9 (base 13) to base 11.
-133193a
Convert -3236475 (base 8) to base 7.
-10242402
Convert -147450 (base 12) to base 3.
-122111120120
Convert 521ee (base 15) to base 7.
2132651
Convert -120120221022